osite number?
True
Is 59563432001 a prime number?
True
Is 962312077 a prime number?
True
Is 46044916702 a prime number?
False
Is 684035179 a prime number?
False
Is 6033335647 a prime number?
False
Is 69746207053 a prime number?
True
Is 28785184009 a composite number?
False
Is 72478022047 a prime number?
True
Is 12569466517 prime?
True
Is 11728940317 a composite number?
False
Is 2742289127 a composite number?
False
Is 1758742703 a prime number?
True
Is 3154625273 prime?
False
Is 195738637 a prime number?
False
Is 19257816151 a prime number?
False
Is 129006782327 a prime number?
True
Is 55745982821 a composite number?
False
Is 80856963547 prime?
False
Is 2230393457 prime?
True
Is 1775964247 a composite number?
False
Is 130608181 composite?
True
Is 300574829 composite?
True
Is 6880494433 prime?
False
Is 77834316779 composite?
False
Is 198250005991 a composite number?
True
Is 58105929299 a prime number?
False
Is 12174719753 a prime number?
False
Is 1372471174 a composite number?
True
Is 342516331 a composite number?
False
Is 2552734363 composite?
False
Is 994512881 prime?
True
Is 94004738747 a prime number?
True
Is 10099049761 a prime number?
True
Is 4643274391 prime?
False
Is 1783955933 prime?
False
Is 67743659 prime?
False
Is 66955247 prime?
False
Is 73151161 a prime number?
False
Is 178639258181 a composite number?
True
Is 206320750631 composite?
True
Is 236768009 a composite number?
False
Is 8960728481 prime?
False
Is 2569904539 composite?
True
Is 4811989487 a composite number?
True
Is 64461211 composite?
True
Is 110575789889 a prime number?
False
Is 198563081 a composite number?
True
Is 8429205509 prime?
True
Is 134144507711 a prime number?
True
Is 5254661197 a prime number?
True
Is 120910775609 composite?
True
Is 997767593 composite?
False
Is 513195191 composite?
False
Is 17193921307 a prime number?
True
Is 121624021 prime?
True
Is 327004265845 prime?
False
Is 7162615843 prime?
True
Is 437628761 prime?
False
Is 1506347117 a prime number?
False
Is 32291942611 composite?
False
Is 468566653 a composite number?
False
Is 40142565277 a prime number?
True
Is 298880513 prime?
False
Is 39734911 a composite number?
False
Is 264934903 a composite number?
False
Is 8216717 a composite number?
False
Is 443251519 composite?
True
Is 78561958 a prime number?
False
Is 18403747657 composite?
True
Is 12301212181 composite?
False
Is 9546020063 a prime number?
False
Is 39725041117 a prime number?
True
Is 1837775455 composite?
True
Is 3348205167 prime?
False
Is 189792569 composite?
False
Is 12546509 a prime number?
False
Is 85716587471 a composite number?
False
Is 42119639 a composite number?
False
Is 700910907 prime?
False
Is 71977259 a composite number?
False
Is 11640202229 a composite number?
False
Is 622971673 prime?
True
Is 2206859749 a prime number?
True
Is 103623547 a prime number?
True
Is 33837674081 a prime number?
False
Is 67339478137 a prime number?
True
Is 10877113847 a prime number?
True
Is 22231319821 prime?
True
Is 2453906321 a composite number?
False
Is 914365841 a prime number?
True
Is 2391295351 prime?
False
Is 32207781197 composite?
True
Is 183748650421 a prime number?
False
Is 888349667 a composite number?
False
Is 979311967 prime?
False
Is 2302509101 composite?
False
Is 2256756959 composite?
False
Is 402787043 prime?
True
Is 3679703903 a composite number?
True
Is 132727511 a prime number?
False
Is 394600607 prime?
False
Is 226142607 a composite number?
True
Is 195294599 a composite number?
False
Is 21066959911 a prime number?
True
Is 6585754433 prime?
True
Is 420383039 prime?
True
Is 263797751 composite?
True
Is 7125515923 composite?
True
Is 10126814339 composite?
True
Is 139916478911 a composite number?
True
Is 4461865319 a composite number?
False
Is 560340931 composite?
False
Is 622614689 composite?
False
Is 10488381779 a prime number?
False
Is 7381350593 a prime number?
True
Is 58397434549 prime?
False
Is 10039841653 a composite number?
False
Is 11030135479 a prime number?
False
Is 372164873 composite?
True
Is 28851349489 a composite number?
False
Is 116897210899 a composite number?
True
Is 119653041 a composite number?
True
Is 11796411587 composite?
True
Is 804308861 a prime number?
True
Is 4342590718 composite?
True
Is 1424402699 a composite number?
False
Is 1627210693 composite?
True
Is 9389560273 a composite number?
True
Is 6706094621 a prime number?
False
Is 1204753937 a prime number?
True
Is 567512221 composite?
True
Is 58409123527 composite?
False
Is 1929720781 a prime number?
False
Is 20309714 composite?
True
Is 5586237563 a prime number?
True
Is 32138513441 a composite number?
False
Is 265098553 composite?
False
Is 9351255373 composite?
False
Is 6505457141 composite?
True
Is 1157017811 a composite number?
False
Is 59051743841 a prime number?
False
Is 12504827977 composite?
True
Is 3074010899 a prime number?
True
Is 145265560837 prime?
True
Is 345403529 a composite number?
True
Is 2364181559 a composite number?
False
Is 17362610249 a composite number?
False
Is 535284679 a prime number?
False
Is 708421921 prime?
False
Is 2516356289 composite?
False
Is 17078293 a composite number?
False
Is 7550001227 composite?
True
Is 49082848571 composite?
False
Is 54605664571 a composite number?
True
Is 2190376811 a composite number?
True
Is 979274899 prime?
False
Is 162773221349 a composite number?
False
Is 668154757 a composite number?
True
Is 1634953907 a prime number?
True
Is 2095200031 composite?
False
Is 28793976571 prime?
False
Is 18932083741 a composite number?
True
Is 334333133 prime?
True
Is 728852981 composite?
False
Is 5209847261 a composite number?
False
Is 1811213357 composite?
True
Is 386211323 prime?
True
Is 976029269 prime?
False
Is 1203458821 prime?
True
Is 13870434911 a composite number?
True
Is 518455963 prime?
True
Is 11944503817 composite?
False
Is 20356990133 a composite number?
True
Is 37548473 a prime number?
True
Is 2478508327 prime?
False
Is 4917575249 prime?
True
Is 2242419227 a composite number?
False
Is 11069043967 composite?
True
Is 317057061485 a prime number?
False
Is 787275787 composite?
False
Is 607985033 composite?
False
Is 5840005469 composite?
False
Is 17878844747 composite?
True
Is 25345478401 a prime number?
True
Is 8631833671 prime?
True
Is 31494629669 prime?
True
Is 13672710013 composite?
False
Is 3861763847 a prime number?
True
Is 4880377769 composite?
False
Is 51299763847 composite?
True
Is 181285941 a prime number?
False
Is 1376686327 a composite number?
True
Is 553123031 a prime number?
True
Is 6513863533 prime?
True
Is 99570661 a composite number?
False
Is 12851595023 prime?
False
Is 3458789 composite?
True
Is 3668432345 prime?
False
Is 1008799807 a prime number?
True
Is 79584926387 composite?
True
Is 11053191593 a prime number?
True
Is 13468214411 a prime number?
False
Is 244932001766 composite?
True
Is 122158723 composite?
True
Is 9225136759 a prime number?
True
Is 3736097553 composite?
True
Is 2739572501 composite?
False
Is 466673353 a composite number?
False
Is 6154197743 a prime number?
True
Is 649357287 a prime number?
False
Is 19925755519 a composite number?
False
Is 1057471763 composite?
False
Is 16340745769 prime?
False
Is 75956552885 a composite number?
True
Is 19148905079 prime?
True
Is 57892507 a prime number?
False
Is 36701913221 composite?
False
Is 89690171 prime?
True
Is 19485945821 prime?
True
Is 1131929 composite?
True
Is 8242353521 a prime number?
True
Is 12836214983 composite?
True
Is 18203172289 a composite number?
True
Is 5743481479 a composite number?
True
Is 5646260131 a prime number?
True
Is 26653674503 prime?
True
Is 191878187 prime?
True
Is 736121983 composite?
True
Is 1085569369 a prime number?
True
Is 519266947 composite?
False
Is 4175580553 a composite number?
False
Is 64690580813 a prime number?
True
Is 5275567931 composite?
False
Is 3357811631 a composite number?
True
Is 17327974129 a composite number?
False
Is 674404993 a composite number?
False
Is 56008397 a prime number?
False
Is 25271038877 a prime number?
False
Is 1198696771 a composite number?
False
Is 4863157259 a prime number?
True
Is 1801720849 prime?
False
Is 629464139 a prime number?
True
Is 23345527757 a prime number?
True
Is 1195409531 composite?
False
Is 3755414981 composite?
False
Is 459769381 prime?
F